 factors of 1431299?
241, 5939
What are the prime factors of 473240?
2, 5, 11831
What are the prime factors of 5990941?
11, 544631
List the prime factors of 8436.
2, 3, 19, 37
What are the prime factors of 9529592?
2, 1191199
What are the prime factors of 15927444?
2, 3, 13, 34033
List the prime factors of 3648693.
3, 17, 29, 2467
List the prime factors of 21179147.
11, 683, 2819
What are the prime factors of 3934776?
2, 3, 67, 2447
List the prime factors of 610761.
3, 163, 1249
What are the prime factors of 485981?
307, 1583
What are the prime factors of 724133?
701, 1033
List the prime factors of 14803177.
14803177
What are the prime factors of 530880?
2, 3, 5, 7, 79
List the prime factors of 6519.
3, 41, 53
List the prime factors of 3217259.
53, 60703
List the prime factors of 235200.
2, 3, 5, 7
What are the prime factors of 3830202?
2, 3, 17, 12517
What are the prime factors of 1532173?
1532173
What are the prime factors of 4242941?
4242941
List the prime factors of 185383.
11, 19, 887
What are the prime factors of 368075?
5, 14723
List the prime factors of 1604505.
3, 5, 7, 37, 59
List the prime factors of 6206357.
6206357
What are the prime factors of 409388?
2, 7, 14621
What are the prime factors of 12554413?
113, 241, 461
List the prime factors of 56751.
3, 18917
List the prime factors of 626629.
626629
List the prime factors of 182156.
2, 13, 31, 113
List the prime factors of 943077.
3, 314359
What are the prime factors of 41712?
2, 3, 11, 79
List the prime factors of 166264.
2, 7, 2969
List the prime factors of 1023823.
313, 3271
List the prime factors of 700692.
2, 3, 58391
List the prime factors of 554183.
7, 17, 4657
What are the prime factors of 4147893?
3, 31, 14867
What are the prime factors of 973121?
31, 31391
What are the prime factors of 5728836?
2, 3, 599, 797
What are the prime factors of 212622?
2, 3, 35437
List the prime factors of 21067387.
11, 61, 31397
List the prime factors of 2965764.
2, 3, 101, 2447
What are the prime factors of 1393799?
11, 11519
What are the prime factors of 2878025?
5, 19, 73, 83
What are the prime factors of 108773?
7, 41, 379
List the prime factors of 160824.
2, 3, 6701
List the prime factors of 10872276.
2, 3, 906023
What are the prime factors of 2604074?
2, 11, 41, 2887
List the prime factors of 668560.
2, 5, 61, 137
What are the prime factors of 34373548?
2, 11, 781217
List the prime factors of 17682638.
2, 419, 21101
List the prime factors of 4619564.
2, 467, 2473
List the prime factors of 274525.
5, 79, 139
What are the prime factors of 1633563?
3, 19, 41, 233
What are the prime factors of 2748194?
2, 947, 1451
List the prime factors of 180215.
5, 7, 19, 271
What are the prime factors of 2681885?
5, 536377
What are the prime factors of 11095257?
3, 3698419
List the prime factors of 2397125.
5, 127, 151
List the prime factors of 18302460.
2, 3, 5, 11, 2521
List the prime factors of 316814.
2, 158407
List the prime factors of 1465703.
1465703
What are the prime factors of 2055827?
17, 31, 47, 83
List the prime factors of 478836.
2, 3, 47, 283
List the prime factors of 449525.
5, 17981
What are the prime factors of 45726?
2, 3, 7621
What are the prime factors of 3815509?
3815509
What are the prime factors of 3426005?
5, 11, 167, 373
What are the prime factors of 111854?
2, 55927
List the prime factors of 693849.
3, 13, 17791
What are the prime factors of 10549563?
3, 3516521
What are the prime factors of 619840?
2, 5, 13, 149
What are the prime factors of 197645?
5, 7, 5647
List the prime factors of 214310.
2, 5, 29, 739
What are the prime factors of 543292?
2, 71, 1913
List the prime factors of 206527.
206527
List the prime factors of 226450.
2, 5, 7, 647
List the prime factors of 447840.
2, 3, 5, 311
What are the prime factors of 198923?
67, 2969
What are the prime factors of 1548320?
2, 5, 9677
What are the prime factors of 244120?
2, 5, 17, 359
What are the prime factors of 2945448?
2, 3, 11, 3719
What are the prime factors of 2238433?
727, 3079
What are the prime factors of 707854?
2, 7, 31, 233
List the prime factors of 1094869.
23, 181, 263
List the prime factors of 3108930.
2, 3, 5, 11, 9421
List the prime factors of 4756311.
3, 7, 17, 4441
List the prime factors of 346570.
2, 5, 7, 4951
What are the prime factors of 131543?
131543
What are the prime factors of 585848?
2, 67, 1093
What are the prime factors of 3179367?
3, 353263
List the prime factors of 126993.
3, 42331
List the prime factors of 205505.
5, 23, 1787
List the prime factors of 22569293.
22569293
What are the prime factors of 7524667?
7524667
What are the prime factors of 1745415?
3, 5, 7, 1847
What are the prime factors of 1049880?
2, 3, 5, 13, 673
What are the prime factors of 8690742?
2, 3, 482819
What are the prime factors of 147294?
2, 3, 7, 167
List the prime factors of 296216.
2, 61, 607
List the prime factors of 874271.
874271
List the prime factors of 173897.
173897
What are the prime factors of 3536890?
2, 5, 7, 50527
List the prime factors of 3436375.
5, 37, 743
What are the prime factors of 18032001?
3, 13, 197, 2347
List the prime factors of 927679.
229, 4051
What are the prime factors of 3307563?
3, 7, 52501
List the prime factors of 964099.
967, 997
List the prime factors of 5352191.
13, 411707
List the prime factors of 725757.
3, 241919
What are the prime factors of 130708?
2, 41, 797
What are the prime factors of 2461305?
3, 5, 7, 11, 2131
What are the prime factors of 44940?
2, 3, 5, 7, 107
What are the prime factors of 9223147?
263, 35069
What are the prime factors of 110274?
2, 3, 18379
What are the prime factors of 3213894?
2, 3, 31, 37, 467
List the prime factors of 192898.
2, 43, 2243
What are the prime factors of 6077684?
2, 1519421
List the prime factors of 500260.
2, 5, 25013
What are the prime factors of 2459977?
13, 189229
List the prime factors of 106696.
2, 13337
What are the prime factors of 131368?
2, 16421
List the prime factors of 159569.
159569
List the prime factors of 638914.
2, 61, 5237
What are the prime factors of 990262?
2, 7, 13, 5441
List the prime factors of 4809593.
37, 43, 3023
What are the prime factors of 11666749?
11666749
List the prime factors of 13860678.
2, 3, 13, 17, 10453
What are the prime factors of 1541207?
23, 113, 593
What are the prime factors of 337529?
337529
What are the prime factors of 2841608?
2, 7, 11, 659
List the prime factors of 518808.
2, 3, 21617
What are the prime factors of 1096931?
11, 99721
What are the prime factors of 138969?
3, 5147
List the prime factors of 468945.
3, 5, 17, 613
List the prime factors of 537012.
2, 3, 7, 2131
List the prime factors of 1841035.
5, 7, 23, 2287
What are the prime factors of 534428?
2, 23, 37, 157
What are the prime factors of 14927072?
2, 127, 3673
List the prime factors of 3714933.
3, 71, 107, 163
List the prime factors of 1953117.
3, 41, 67, 79
List the prime factors of 217844.
2, 11, 4951
List the prime factors of 184086.
2, 3, 7, 487
What are the prime factors of 307009?
307009
What are the prime factors of 13200538?
2, 13, 507713
What are the prime factors of 17260?
2, 5, 863
List the prime factors of 1397028.
2, 3, 47, 2477
What are the prime factors of 299993?
299993
List the prime factors of 1356042.
2, 3, 226007
List the prime factors of 478746.
2, 3, 26597
List the prime factors of 212752.
2, 13297
What are the prime factors of 439859?
7, 31, 2027
What are the prime factors of 27286748?
2, 83, 82189
What are the prime factors of 115703?
7, 16529
List the prime factors of 350259.
3, 7, 13, 1283
List the prime factors of 509301.
3, 13, 1451
List the prime factors of 201024.
2, 3, 349
List the prime factors of 127933.
13, 757
What are the prime factors of 1442930?
2, 5, 313, 461
What are the prime factors of 357541?
29, 12329
What are the prime factors of 10538107?
29, 41, 8863
List the prime factors of 537828.
2, 3, 44819
What are the prime factors of 698469?
3, 232823
What are the prime factors of 22633211?
22633211
List the prime factors of 4327007.
4327007
What are the prime factors of 303705?
3, 5, 17, 397
What are the prime factors of 171101?
7, 24443
List the prime factors of 29808002.
2, 7, 131, 16253
What are the prime factors of 26272321?
1493, 17597
List the prime factors of 3150757.
79